 is the units digit of c?
3
Let j be 0/(-4) + -2 + -1. Let n be (j + 2)/(2/10). Let q = 5 - n. What is the tens digit of q?
1
Let u = -5 + 3. Let r(x) = x + 5. Let s be r(-13). Let w = u - s. What is the units digit of w?
6
Suppose -4635 = -3*s + 2*p + 2419, -5*p = s - 2323. What is the units digit of s?
8
Let t = 303 + 400. What is the tens digit of t?
0
Suppose -3*r - 2*g + 8146 = 0, -2*r + 29*g - 25*g = -5452. What is the thousands digit of r?
2
Suppose -m = -16*m + 58440. What is the tens digit of m?
9
Let n = -606 - -1020. What is the units digit of n?
4
Let a = -3 + 10. Let w be (-1)/a + (-2220)/(-105). Suppose 2*q + o = 6*o - 17, 0 = -4*q - o + w. What is the units digit of q?
4
Let g = 5 + 0. Suppose -66 = g*y + 2*m, 3*y + 2*m = 4*y + 6. Let r = -11 - y. What is the units digit of r?
1
Suppose -4*k + 3*y = -3*k + 12, 3*y = -12. Let r = 210 + k. What is the hundreds digit of r?
1
Let g = -35 + 39. Let t(k) = 6*k**2 + 2*k - 2. What is the units digit of t(g)?
2
What is the hundreds digit of 650/(-75)*-40*(1 + 2)?
0
Suppose 4*a + 165 = -7*a. Let q be 41/4 + (-1)/4. Let f = q - a. What is the units digit of f?
5
Suppose 14*q - 16317 = 9163. What is the units digit of q?
0
Let t = 613 + -168. What is the tens digit of t?
4
Let w = -527 - -1130. What is the hundreds digit of w?
6
Let x(b) = b**2 - 11*b + 5. Let d be x(9). Let r = -10 - d. Suppose r*p = 8*p - 235. What is the units digit of p?
7
Suppose -2*a = -252 - 70. Suppose -x = j - a, -5*j + 799 = 2*x - 3*x. What is the units digit of j?
0
Let h = -9 + 17. Suppose -4*c = -0*c - h. Suppose -2*t - k + 30 = 0, t + c*k = -1 + 10. What is the units digit of t?
7
Suppose u + 5*v - 16 - 1 = 0, u - 11 = -3*v. Let k(n) = n**3 - 6*n**u - 4 - 4*n - n**2 + 6*n. What is the tens digit of k(7)?
1
Let z = 15 - 22. Let c be (-33)/z - 2/(-7). Suppose 9*p - 104 = c*p. What is the tens digit of p?
2
Let c = 33 - 18. Let s = 54 - 22. Let h = s - c. What is the tens digit of h?
1
Let f(z) = 5*z - 6. Let w be f(8). Suppose 2*y - 9 = -g, -3*g - 4*y + w = -5*y. What is the units digit of g/(0 + 2/4)?
2
Let u be 10/(-2)*(3 + -4). Suppose 0 = 4*w - 3 - u. What is the tens digit of 216/6 + 0 + w?
3
Let n(s) = -s + s**2 + s + s + 0*s. Let q be n(0). Suppose q = -w + 2 + 5. What is the units digit of w?
7
Suppose 8 = -3*a + 2*b, 4*a + 2*b = -8 - 26. Suppose 9*o - 8*o - 5 = -i, 2*i - 7 = -o. What is the units digit of a/8*(o + -59)?
2
Let f(k) = k**3 + 8*k**2 - 20*k + 2. Let a be f(-10). What is the units digit of -177*(2/(-3))/(a/3)?
7
Suppose -6*o + 7*o = 21. Suppose 0 = -2*m + o + 65. What is the tens digit of m?
4
Let f(x) = x**3 + 8*x**2 - 8*x + 6. Let q be f(-9). Let y = -1 - q. Let b = 14 - y. What is the tens digit of b?
1
Let q = 9 + 274. What is the tens digit of q?
8
Suppose a + 13 = 5*k, -2*a - 9 = a. Suppose 0 = k*q - 14 - 36. What is the units digit of q?
5
Let u(o) = o**2 - 9*o - 16. Let j be u(11). Let n(k) = -2*k**3 - 7*k**2 + 8*k + 3. Let h be n(-6). Suppose j*t = t + h. What is the units digit of t?
7
Let f = -1053 + 1799. What is the hundreds digit of f?
7
Let l(f) be the first derivative of 8*f**3/3 - 5*f**2/2 + 6*f + 11. What is the units digit of l(3)?
3
Suppose 0 = 2*u - l - 2809, 0 = 2*u + l + 899 - 3706. What is the thousands digit of u?
1
Suppose 0 = -3*h + 3*v - v + 603, 5*v = -15. Suppose -16 - h = -5*b. What is the tens digit of b?
4
Let l be (1 - 2)*4/2. Let p be (0/(-4) - -2) + l. Suppose p = -5*r - 3*d + 213, -119 = -4*r + r - 4*d. What is the units digit of r?
5
Let u = 12608 + -7927. What is the units digit of u?
1
Suppose 0 = -0*h + 4*h + 16. Let j(z) be the second derivative of -z**3/3 + 4*z**2 + 74*z. What is the units digit of j(h)?
6
Suppose 4*q + 0*q = -2*j + 3758, 4*q = -5*j + 9371. What is the tens digit of j?
7
Let u(h) be the third derivative of h**4/8 + 8*h**3 + h**2 - 15. What is the tens digit of u(-6)?
3
Let z(d) = -27*d**3 - 6*d**2 + 25*d + 15. What is the thousands digit of z(-5)?
3
Suppose -b = -2*b + 2*t + 9, 4*b = -4*t - 12. Let p be 1*((b - 31) + -3). What is the units digit of 2/11 + (-258)/p?
8
Let d(p) = -129*p**3 + 8*p**2 + 128*p**3 - p - 9 + 2*p. What is the tens digit of d(7)?
4
Suppose -m - 10 = -6, -5*k - 4*m = -1179. What is the tens digit of k?
3
Let i = 30 + 9. What is the units digit of i?
9
Let c(l) = -2*l**2 - 8*l - 1. Let a be c(-4). Let o = a - -35. What is the units digit of o?
4
Suppose w - 6*w + 6370 = 5*j, 0 = -w + 4*j + 1264. What is the units digit of w?
2
Let i be (-4)/3*30/20. What is the units digit of 38/(-8)*(3 - 9 - i)?
9
Let z(s) be the second derivative of -s**5/4 - s**4/12 - s**3/6 + s**2/2 - 15*s - 2. Suppose 5*k + 9 = -1. What is the units digit of z(k)?
9
Let b = -10 + 23. Let r = -10 + b. Let w = r - -6. What is the units digit of w?
9
Let n(u) be the second derivative of -u**3/2 + 4*u**2 - 6*u. What is the tens digit of n(-20)?
6
Let y(m) = -m**3 + 14*m**2 - 8*m + 13. What is the units digit of y(8)?
3
Let p = 5 + -13. Let f = 56 - 40. Let h = f - p. What is the tens digit of h?
2
Let r(q) = 59*q**2 + 21*q + 19. What is the thousands digit of r(-7)?
2
Let k = -27 + -16. Let m = 16 - k. What is the units digit of m?
9
Let x(o) be the third derivative of o**5/60 - 5*o**4/24 + 10*o**3/3 - 15*o**2. What is the units digit of x(-7)?
4
What is the units digit of -98*(48/6)/(-4)?
6
Suppose -105 - 3 = 2*v. Let t = v - -38. What is the tens digit of t/20*(-75)/2?
3
Suppose 5*z - 552 = -2*v, 4*z + 4*v - 218 = 214. What is the tens digit of z?
1
Suppose 0 = 15*z - 5*z - 3030. What is the tens digit of z?
0
Let y = -21 + 4. Let d = -17 - y. Suppose -h = 3*q - 22, d - 77 = -5*h - 4*q. What is the units digit of h?
3
Let d = 10 - 8. Let g be 1/((-39)/(-19) - d). Suppose -2*l + g - 3 = 0. What is the units digit of l?
8
What is the hundreds digit of 0 + -34*-1*(6 - -76)?
7
Let g(r) = 4*r + 56. Let d be g(-11). What is the units digit of 7/2 + (-6)/d?
3
Let z = 14 + -11. Suppose -8*x + z*x = -125. Suppose g - x = 3*s, -4*g + s = -0*s - 155. What is the tens digit of g?
4
Suppose 0 = -4*p + 5*c + 22, 5 + 0 = 3*p + 2*c. Suppose -q + 4*q - 3 = 0. Let x = p + q. What is the units digit of x?
4
Suppose -6*z = -0*z + 480. Let b = -31 - z. What is the tens digit of b?
4
Suppose 3*p - 66 = -2*k, -3*p = -5*k + 142 + 23. Suppose -12 = -4*b - 4*g, -k = -7*b + 2*b + g. Suppose n + 75 = b*n. What is the tens digit of n?
1
Suppose -m + 70 = m. Suppose 5*z + m = 5*l, l + 0*z = -4*z - 18. What is the units digit of l - 1 - (-3 + 1)?
3
Suppose 3*x + 1176 = 2*r + 2*x, 2*r = -x + 1176. Suppose r = -0*o + 4*o + f, o + 2*f - 154 = 0. What is the hundreds digit of o?
1
Let f(p) = p**2 + 13*p + 6. Let i be f(-5). Let t = 102 + i. What is the tens digit of t?
6
Let u(h) be the first derivative of h**4/4 + 7*h**3/3 + 2*h**2 - 9*h - 1. What is the tens digit of u(-5)?
2
Let j = 224 - -91. What is the tens digit of j?
1
Suppose 162*x - 171*x + 9981 = 0. What is the units digit of x?
9
Suppose 0 = -3*w - 4*o + 1078, 5*w + 4*o = 6*w - 386. What is the tens digit of w?
6
Suppose -11*w + 6*w = 240. What is the units digit of ((-3)/(-2))/((-12)/w)?
6
Let c(t) = t**2 - t + 7. Suppose -w = -6*w - 25. What is the tens digit of c(w)?
3
Let q(z) = -z**2 + 4*z - 3. Let c be q(6). Let m be (-8)/(-16)*(c - -1). Let v(r) = r**3 + 8*r**2 - 7. What is the units digit of v(m)?
2
Suppose -88 + 80 = -4*g. Suppose 2*w - g*f = 10, f - 27 = -3*w - 2*f. What is the units digit of w?
7
Suppose -5*z = 4*k - 6625, 4*z + 36 - 40 = 0. What is the thousands digit of k?
1
Let f = 42 + -59. Let k be ((-20)/4)/((-110)/704). Let y = f + k. What is the tens digit of y?
1
Let z(n) = -n**3 + 13*n**2 - 9*n + 8. Let a be z(12). Suppose 0 = 2*s - h - 138, -3*s = -2*h - a - 161. What is the tens digit of s?
7
Suppose 31650 - 95994 = -28*d. What is the hundreds digit of d?
2
Let n = 114 - -9. Let x = -73 + n. What is the tens digit of x?
5
Let a(g) = -3*g**3 - 10*g**2 + 18*g - 10. What is the units digit of a(-8)?
2
Let g(z) = 3*z**3 + 4*z**2 - 11*z + 21. Let j(x) = 3*x**2 - 25*x - 15. Let t be j(9). What is the units digit of g(t)?
5
Let y be ((-6)/(-9))/((-18)/(-81)). Suppose -88 = -0*i - i - f, -3*i + 252 = -y*f. What is the units digit of i?
6
Let n(x) = x + 5. Let z be n(-2). Suppose z*b - 2*h - 3*h